e
Is 252373241 composite?
False
Is 159864445963 prime?
False
Is 1605844403 prime?
False
Is 11914202911 prime?
False
Is 809518217 a composite number?
True
Is 1437424567 composite?
True
Is 29283644863 a composite number?
True
Is 221874481 a composite number?
True
Is 16797981169 composite?
False
Is 364086559 prime?
True
Is 780806833 composite?
False
Is 26166625517 prime?
True
Is 139779571 a composite number?
True
Is 110070977 prime?
True
Is 2363622539 a composite number?
False
Is 36100004099 prime?
False
Is 2559574397 a composite number?
False
Is 193761153743 composite?
True
Is 1317726259 composite?
False
Is 4394035651 prime?
True
Is 3418988513 composite?
False
Is 212434883 composite?
True
Is 21524378873 a prime number?
True
Is 5837625139 composite?
True
Is 28180936337 prime?
True
Is 10570306277 prime?
True
Is 4036665989 prime?
False
Is 3835187359 prime?
True
Is 6060362257 a composite number?
False
Is 412847689 a prime number?
False
Is 338219333 a prime number?
True
Is 1828456907 a composite number?
False
Is 1914267149 a composite number?
True
Is 36977120293 prime?
False
Is 2458846261 prime?
True
Is 41164845439 prime?
False
Is 935134238 a prime number?
False
Is 1514451313 a prime number?
False
Is 783037571 prime?
True
Is 720178358 a composite number?
True
Is 416155199 composite?
False
Is 11390542573 composite?
False
Is 27464392217 a composite number?
False
Is 471462247 composite?
False
Is 18711894109 composite?
False
Is 197353027 composite?
False
Is 731141909 composite?
False
Is 1671105857 a composite number?
False
Is 43659400461 prime?
False
Is 6638299 a prime number?
True
Is 2010286609 a prime number?
True
Is 430479851 prime?
True
Is 782422741 a prime number?
True
Is 56079866681 prime?
True
Is 39173867 a composite number?
True
Is 2878121923 a composite number?
True
Is 875635217 composite?
True
Is 27456263827 a prime number?
True
Is 125047859341 prime?
True
Is 4460896829 a composite number?
False
Is 2522188651 composite?
False
Is 1541541563 a prime number?
False
Is 13396259053 a prime number?
True
Is 112364233279 prime?
False
Is 6960259603 a composite number?
True
Is 2687830559 composite?
True
Is 1557291077 a prime number?
True
Is 1562884969 a prime number?
True
Is 2351340881 composite?
True
Is 54375095609 composite?
False
Is 43429699361 a prime number?
True
Is 172929955907 prime?
False
Is 192812126335 a prime number?
False
Is 882753049 prime?
True
Is 1203592147 composite?
False
Is 14391782393 a composite number?
False
Is 56050753853 composite?
False
Is 12983165953 a prime number?
True
Is 153280927 a composite number?
False
Is 738751441 a composite number?
False
Is 9826075201 prime?
False
Is 16621360247 composite?
False
Is 19784797807 a composite number?
False
Is 903417209 a composite number?
False
Is 227006237 a prime number?
True
Is 661567637 a composite number?
False
Is 1579350979 prime?
False
Is 70776843799 composite?
True
Is 107047684267 a prime number?
False
Is 403009597 composite?
False
Is 3113549763 a composite number?
True
Is 3068747821 prime?
False
Is 3267209863 a prime number?
True
Is 819900041 prime?
False
Is 4377808873 a composite number?
True
Is 691615553 prime?
False
Is 5220954517 prime?
False
Is 50806207 a prime number?
False
Is 22019524663 composite?
False
Is 4483628099 a prime number?
False
Is 4865442709 composite?
False
Is 20784728827 prime?
True
Is 67365026779 prime?
False
Is 2106949291 composite?
False
Is 2038686197 composite?
False
Is 32066625687 composite?
True
Is 274787349077 prime?
True
Is 5399064611 prime?
True
Is 299361499 a composite number?
False
Is 5112480983 composite?
False
Is 19374889271 prime?
True
Is 12621308767 a prime number?
True
Is 205121093 a composite number?
True
Is 11914200541 a composite number?
True
Is 256204997 a composite number?
False
Is 958343521 composite?
True
Is 660697447 composite?
False
Is 10921105907 prime?
False
Is 33780620311 a prime number?
True
Is 1602629341 prime?
True
Is 16712879 a prime number?
False
Is 1361201887 prime?
False
Is 8457240317 prime?
True
Is 4529556677 composite?
True
Is 17594622977 a prime number?
False
Is 1606893047 a composite number?
False
Is 68053930487 composite?
False
Is 26157168757 a prime number?
True
Is 24116260733 a composite number?
False
Is 20296658279 a prime number?
True
Is 32018750263 a prime number?
True
Is 20984484019 a prime number?
False
Is 100971330563 a prime number?
True
Is 10234413127 a composite number?
False
Is 649299971 a prime number?
False
Is 27303699397 a composite number?
True
Is 41682885613 prime?
True
Is 435149497 a prime number?
False
Is 35408286611 prime?
True
Is 7299790543 prime?
True
Is 2979588467 composite?
True
Is 28004858561 a composite number?
False
Is 297260021 a prime number?
True
Is 4160674523 composite?
False
Is 769729841 a composite number?
False
Is 4026468223 composite?
True
Is 1987310569 prime?
False
Is 1242042079 a prime number?
True
Is 11746078 a composite number?
True
Is 698507 prime?
True
Is 113340932297 composite?
False
Is 1191787013 a composite number?
False
Is 73419788474 composite?
True
Is 37111689631 a composite number?
False
Is 10944473443 a composite number?
True
Is 40545635407 a composite number?
True
Is 7830979193 composite?
False
Is 1141160681 a composite number?
False
Is 83202151841 a prime number?
True
Is 8320459529 composite?
True
Is 63640949146 composite?
True
Is 485584193 a prime number?
True
Is 123155530051 prime?
True
Is 34927082143 composite?
True
Is 1194018589 a composite number?
False
Is 5073185627 a composite number?
False
Is 9398930633 composite?
True
Is 2739602861 composite?
False
Is 16159994959 composite?
True
Is 2974627 a composite number?
False
Is 9546251543 a composite number?
False
Is 320359197 prime?
False
Is 25861410293 a composite number?
True
Is 428371243 a composite number?
False
Is 245338703 composite?
True
Is 1811419427 a composite number?
False
Is 19539462661 prime?
False
Is 15223636859 a prime number?
True
Is 1520520557 a composite number?
False
Is 89714221 a composite number?
False
Is 51394438327 a prime number?
True
Is 255782521 prime?
True
Is 41852022389 a prime number?
True
Is 21598412827 a prime number?
True
Is 5562921113 composite?
False
Is 1423099627 a prime number?
False
Is 1524972613 a composite number?
True
Is 634161089 composite?
False
Is 1921309207 a composite number?
True
Is 83068751701 composite?
True
Is 5605466161 prime?
True
Is 1670721853 a prime number?
True
Is 15520578049 a composite number?
False
Is 12793423183 a composite number?
False
Is 2383218739 a prime number?
False
Is 362950033 a composite number?
False
Is 3180721631 a prime number?
True
Is 1238791733 a composite number?
False
Is 4566247867 a prime number?
False
Is 28323170783 a prime number?
True
Is 86707879 a composite number?
False
Is 50850479677 prime?
True
Is 30918288601 a prime number?
False
Is 386531857 composite?
True
Is 5944288201 a composite number?
True
Is 2606448506 composite?
True
Is 4298341561 a prime number?
True
Is 105250547 a composite number?
False
Is 207273589 composite?
False
Is 1044223403 prime?
True
Is 8312583121 a prime number?
True
Is 1311048509 a prime number?
True
Is 1391776247 prime?
False
Is 3175858253 a prime number?
False
Is 7722652019 a prime number?
False
Is 70014270971 prime?
False
Is 47379486373 prime?
False
Is 64554174077 composite?
False
Is 47269493057 composite?
True
Is 6119127379 composite?
False
Is 26523227323 a prime number?
True
Is 2802975107 composite?
True
Is 59482216907 a prime number?
False
Is 2435668747 a composite number?
True
Is 3323006249 a prime number?
False
Is 1160307677 a composite number?
False
Is 211736883 a prime number?
False
Is 93215399 composite?
True
Is 103394987 a composite number?
True
Is 12162197 a composite number?
True
Is 3633775741 a composite number?
False
Is 57019071446 composite?
True
Is 3368084219 prime?
True
Is 303946846559 composite?
False
Is 5273076239 a composite number?
True
Is 548818031 a prime number?
True
Is 13593306121 a prime number?
False
Is 76323281 a composite number?
False
Is 140773579 prime?
False
Is 3875840093 prime?
False
Is 422663377 composite?
False
Is 49407238513 composite?
False
Is 533557693 a composite number?
True
Is 847618843 composite?
False
Is 720685351 prime?
False
Is 12327366343 a prime number?
False
Is 600